r**2. Calculate g(c).
4
Suppose 6*y = y + 5. Let u(m) = 9*m - 2*m + 2*m - y. Suppose 3*j + j = 4*l - 12, j = -2*l. Determine u(l).
8
Let h(w) = 4*w + 2. Let c be h(-2). Let g(s) = -6*s**3 - 6*s**2 + 5*s - 10. Let j(q) = 7*q**3 + 6*q**2 - 6*q + 11. Let l(o) = 6*g(o) + 5*j(o). Determine l(c).
-5
Let j(d) = -75*d - d**2 + 75*d - 2 - 2. Give j(-3).
-13
Let f(m) be the first derivative of 8*m**3/3 + 39. Give f(-1).
8
Let n be 6/(-12) - -1*3/2. Let t(b) be the first derivative of -4*b**3 + b + 1. Determine t(n).
-11
Let x = 5 + 0. Suppose x*d - 5*g - 5 = 0, 5 = -3*d + 5*g + 12. Let i be 2*d*(2 + -1). Let m(r) = r**3 + 5*r**2 + 2*r - 1. Calculate m(i).
7
Let h(x) = 2*x**2 - 4*x + 3. Let v(i) = -i + 2. Let u be v(-6). Suppose -s = 2*s - 5*k - 13, 0 = -5*s - k + 31. Let q = u - s. What is h(q)?
3
Let d(n) be the second derivative of 1/2*n**4 - 1/2*n**2 + 0*n**3 + 0 - 2*n. Suppose -3*h = q + h + 11, 0 = -2*h - 6. Give d(q).
5
Let s(w) be the third derivative of -w**4/24 + 7*w**3/6 + 31*w**2. Determine s(6).
1
Suppose 2*l + 10 = 6. Let x(r) = -2*r + 1. Give x(l).
5
Let w(p) be the second derivative of -p**4/24 + p**3/6 - 2*p**2 - p. Let q(b) be the first derivative of w(b). Determine q(5).
-4
Let x(a) = a**2 + 3*a - 3. Suppose 4*h + 5 = -5*o, h + h = -5*o - 5. Let p(d) = -d**3 + d - 5. Let g be p(h). Determine x(g).
7
Suppose -5*b = -5*t, 5 = -b + 2*b + 4*t. Let n(x) = 2*x**2 - 1. What is n(b)?
1
Let w(h) = -h**2 + 1. Let f(p) = -5*p**2 - 4*p - 2. Let q(r) = 10*r**2 + 7*r + 3. Let i(l) = -7*f(l) - 4*q(l). Let a(k) = i(k) - 6*w(k). What is a(0)?
-4
Suppose 4*p = -p + 40. Let x(m) = -m**2 + 9*m - 5. Let k be x(p). Let w(j) = -5*j - 2 - k + 6. Determine w(1).
-4
Let t(d) = -d**3 + 6*d**2 - 3*d - 4. Let w = 68 + -64. Determine t(w).
16
Suppose 5*u + 0*u = 2*f + 8, 4*u = 0. Let p(q) = 4*q**3 + 3*q**2 - 7*q - 5. Let j(z) = -z**3 - z**2 + 2*z + 1. Let t(d) = 9*j(d) + 2*p(d). Give t(f).
-1
Let b(d) = d + 12. Let z be b(-7). Suppose -7*s + 8*s = z. Let i(l) be the third derivative of l**4/24 + l**2. Give i(s).
5
Let z(g) = 3*g - 1. Let u(i) be the first derivative of -i**4/4 - 4*i**3 - 5*i**2 + 11*i + 1. Let t be u(-11). Let h be (-15)/5 - (-2 - t). What is z(h)?
-4
Suppose 2*x = 6*x - 24. Let r be (-2)/12 + (-75)/(-18). Let g(p) = 0*p + p**2 - r*p + x - p. Give g(4).
2
Let v be (6/(-5))/((-2)/10). Let x(b) be the third derivative of -b**4/24 + 2*b**3/3 + 21*b**2. Give x(v).
-2
Let w be 4 + (0 - -1 - 2). Let a(x) = -w - 4*x + 0*x + x + 4*x. Let n be (-6)/36 + (-19)/(-6). Calculate a(n).
0
Let g(r) = -r**2 + 13*r - 12. Let i = -6 + 18. Let u be g(i). Let f(l) = l + 8. Give f(u).
8
Let a(u) = 6*u**3 - 3*u - 2. Let z(v) = 13*v**3 - 5*v - 3. Let y(m) = -5*a(m) + 3*z(m). Let r = -11 + 10. Give y(r).
-8
Suppose 9*t - 4*t - 5*h + 35 = 0, 16 = 4*h. Let s(d) = d**2 + 4*d - 1. What is s(t)?
-4
Suppose 4*b + 1 + 3 = 0. Let g(o) = -3*o**2 + 1. Determine g(b).
-2
Let d be (-2)/(-10) - (-58)/10. Let b be ((-1)/(-1))/((-1)/(-5)). Let n(j) = -b*j**3 + 5*j**2 + 4*j**3 + 7*j + 0*j**3 - 8. What is n(d)?
-2
Let o(i) be the third derivative of i**5/30 - 6*i**2. Determine o(2).
8
Let o(j) = -j**2 - 7*j + 1. Let v be o(-5). Suppose v = 2*b - w, -w + 5*w - 10 = -b. Suppose -4*x = -x - b. Let f(k) = 3*k - 1. Give f(x).
5
Let t be ((-9)/(-4))/((-42)/16 + 3). Let s(i) = i**2 - 5*i + 1. What is s(t)?
7
Let p(b) = 2*b**3 - b**2 - 2*b. Let f = 7 + -4. Suppose 0 = -f*c - 1 - 2. Let m be c + (-2)/((-4)/6). Calculate p(m).
8
Let o = 11 - 9. Suppose 4*y - 17 = u, -4*u - 19 = u + o*y. Let d(m) = m**2 + 7*m + 3. Calculate d(u).
-7
Let b(p) = -p + 2. Let v(x) = -x**3 + 10*x**2 - 9*x - 5. Let d be v(9). What is b(d)?
7
Suppose m - 3*m + 2 = 0. Let d(f) = -6*f**2 + 3 - 2 + m - 1. Give d(1).
-5
Let g(t) = -3*t**2 + 4*t + 2*t**2 + 2*t**2 + 4. Let f(h) = h**3 - 3*h**2 + 1. Let l be f(2). What is g(l)?
1
Let r(t) = t + 4. Let w be (0/(-1) + 1)*5. Determine r(w).
9
Let v(q) be the first derivative of -q**4/4 - 2*q**3 + 7*q**2/2 - 8*q + 12. Give v(-7).
-8
Let y(f) = -f**3 - 4*f**2 - 4*f - 3. Let b(a) = a**3 - 11*a**2 + 9*a - 8. Let v be b(10). Let q be (-81)/v*(-4)/6. Determine y(q).
0
Let u(b) = 0*b**3 + 4*b**3 - 3*b**3. Suppose 9*r = 38*r - 18*r. Calculate u(r).
0
Suppose 3*b = -2*i + 8*b + 1, i + 2*b = 5. Suppose 5*a = -i*q - 11, -4*q + a = -10 - 6. Let g(t) = -11 + 11 - q*t. Give g(-1).
3
Let d(n) = -2 + 3 + 0 + 3*n. Let r be (-2)/1 - (8 + -8). Let z be (-2 - -3)/(r/(-2)). Determine d(z).
4
Let i(y) be the third derivative of -y**4/24 - 7*y**3/6 + y**2. Determine i(-7).
0
Let p(b) = -10*b**3 + 19*b**2 + 15*b - 7. Let y(w) = -3*w**3 + 6*w**2 + 5*w - 2. Let u(h) = -2*p(h) + 7*y(h). What is u(5)?
0
Let m(l) be the first derivative of l - 1/3*l**3 + 0*l**2 + 1. Let c be 0 + 2/(1 - -1). Calculate m(c).
0
Let m(t) be the first derivative of -t**3/3 - 2*t + 1. Let j be ((-20)/(-6) + -3)*3. Let v be -3*(j + (-2)/6). Determine m(v).
-6
Let i be 14 + 0 - (-10)/5. Suppose 0 + i = 4*t - r, t + 5*r - 25 = 0. Let q(d) = d + 2 + 4 - 4. Calculate q(t).
7
Let s(m) = m**2 + m + 1. Let g(l) = 3*l**2 - 8 + 6 + 0*l**2 - 4*l**2. Let d be (1 + -4)*(-4)/(-3). Let p(q) = d*s(q) - 5*g(q). What is p(4)?
6
Let o(z) be the first derivative of z**4/4 - 4*z**3/3 - 5*z**2/2 - 6*z - 1. Let q be (27/(-3))/((-1)/(-3)). Let x = q + 32. Determine o(x).
-6
Let z(a) = -a**2 - 1. Let m(n) = 2*n**2 - 1. Let b(f) = m(f) - 2*z(f). Suppose 2 = -4*j + 14. Suppose -2*l + 0 = 2, -2*l + 1 = j*w. What is b(w)?
5
Let f(z) be the third derivative of -1/15*z**6 + 0*z**4 - z**2 + 0*z + 1/30*z**5 + 0 - 1/6*z**3. Let x = -4 - -3. Determine f(x).
9
Suppose r = -l - 3*r + 9, -r = -l + 4. Suppose 0 = l*a + 1 - 6. Let b(t) = -14*t**2 - 2*t + 1. Calculate b(a).
-15
Let l be 490/(-63) + (-2)/9. Let k(o) be the third derivative of o**4/24 + o**3/3 + 6*o**2. What is k(l)?
-6
Let i(l) = -l + 14. Let o(p) = -p + 13. Let n(g) = 3*i(g) - 4*o(g). Give n(9).
-1
Let g(i) = i**3 - 3*i**2 - 4*i + 2. Let q be g(4). Let s(d) = -3 - 3*d**3 + d**2 + q + 0. Determine s(-1).
3
Let v(w) = -2*w + 6. Suppose 2*f - 2 = 4. Suppose 0 = -z + m - 7, 29 = -4*z + f*m - 2. Let p = -5 - z. Determine v(p).
-4
Suppose 0 = -3*i + x - 17, -2*x = x + 3. Let z(k) = -k**2 - 6*k - 4. Let c be z(-4). Let h be c/i + (-28)/12. Let u(p) = -2*p**2 - 3*p + 3. Determine u(h).
-6
Let o be 2/(-1 - (2 - 1)). Let z(s) = -15*s**2 - s - 6. Let x(c) = 44*c**2 + 3*c + 17. Let f(m) = 6*x(m) + 17*z(m). What is f(o)?
8
Let a(g) be the first derivative of 5*g**2/2 - 3*g - 3. Give a(2).
7
Let m(x) = x**2 + 6*x + 5. Suppose 0 = -0*y + 5*y + 2*i + 36, -5*y = -i + 27. Let z = 67 + -39. Let p be (-2)/(-3) + z/y. Give m(p).
-3
Let y = -5 + 8. Let j(s) = -3*s + s + y*s + 3. Determine j(5).
8
Suppose -3*l - 20 = l. Let g(n) = 2*n - 6 + 0*n + 6*n - 12*n. Give g(l).
14
Let f(y) = 11*y**2 - 2*y - 3. Let p be f(-1). Let v(k) = -k + 16. Determine v(p).
6
Let q = 10 - 6. Suppose -4*a + q = -p, 3*p - 1 = -3*a + 2*a. Let k(b) = 5*b - 3 - 3*b**2 - 2*b**2 + 6*b**2 + p*b**2. Calculate k(-5).
-3
Let a = -5 - 0. Let j(z) be the first derivative of z**2/2 + 9*z - 11. Calculate j(a).
4
Let m(s) = -s**2 + 11*s - 24. Let k be m(7). Let z(h) = -h**2 + 2*h - 4. Determine z(k).
-12
Let l(q) be the third derivative of 0*q - 1/6*q**3 + 0 + 1/24*q**4 - q**2. Determine l(-6).
-7
Let z(v) = 4*v**3 + 9*v**2 + 7*v. Let s(t) = -7*t**3 - 17*t**2 - 13*t. Let p(f) = -3*s(f) - 5*z(f). Give p(-5).
5
Let i be (-1 - 1)*(-3)/2. Let y(b) = -b**2 - 5 + 10*b + 0*b - i*b. Suppose 0*p - g - 19 = -4*p, -2 = -p + 3*g. Give y(p).
5
Let s be (3 + -1)*1/(-2). Let j(i) = 7*i**3 + i**2. Give j(s).
-6
Suppose c - 1 = 4. Let r(a) = -a**3 - 5*a**2 + a - 3. Let q(j) = -5*j**3 - 20*j**2 + 5*j - 12. Let l(h) = -2*q(h) + 9*r(h). What is l(c)?
-8
Let w(f) = 7*f**3 - 5*f**2 - 6*f + 3. Let i(q) = q**3 - q**2 - q. Let o(t) = -6*i(t) + w(t). Let d = -24 + 24. Determine o(d).
3
Let t(v) = 15*v + 24*v**2 - 14*v - 3 + 2. Give t(1).
24
Suppose -2*c = 2*c - 5*i - 41, 2*c = -2*i + 16. Let u = 6 + c. Let x be 2 + u/(-3) - 3. Let g(j) = j**2 + 5*j - 6. Determine g(x).
0
Let h(l) = l**3 + 5*l**2 - 6*l + 6. Suppose 0 = -5*n + 10, -3*p + 1 = -5*n + 11. Suppose p = -3*j + 9, -4*k - j = -2*k + 9. What is h(k)?
6
Let u(r) = -r**2 - 7*r + 10. Let p(x) = -2*x + 3. Let f(i) = 7*p(i) - 2*u(i). Sup